32575 is divided by 87?
82
What is the remainder when 68044871 is divided by 618?
599
Calculate the remainder when 87204562 is divided by 39370.
12
What is the remainder when 495213 is divided by 32?
13
What is the remainder when 1042673 is divided by 7440?
1073
Calculate the remainder when 724454 is divided by 45255.
374
Calculate the remainder when 947576 is divided by 189489.
131
Calculate the remainder when 1658605 is divided by 7.
4
Calculate the remainder when 471361 is divided by 124.
37
Calculate the remainder when 61861 is divided by 29181.
3499
What is the remainder when 2497648229 is divided by 1890?
1889
What is the remainder when 36872526 is divided by 117?
93
What is the remainder when 2180066096 is divided by 6034?
6032
What is the remainder when 14305146 is divided by 572?
570
Calculate the remainder when 948333 is divided by 2627.
2613
Calculate the remainder when 21974 is divided by 5500.
5474
What is the remainder when 14710 is divided by 1460?
110
Calculate the remainder when 919371 is divided by 2153.
40
What is the remainder when 23447216 is divided by 7645?
1
Calculate the remainder when 2253035 is divided by 233.
158
Calculate the remainder when 906127 is divided by 451748.
2631
What is the remainder when 54039658 is divided by 2248?
2234
What is the remainder when 159134 is divided by 3125?
2884
Calculate the remainder when 15265930 is divided by 361.
323
What is the remainder when 510103 is divided by 51003?
73
Calculate the remainder when 78531233 is divided by 228954.
11
What is the remainder when 52016676 is divided by 380?
376
Calculate the remainder when 981565 is divided by 522.
205
What is the remainder when 527144 is divided by 654?
20
What is the remainder when 2654586 is divided by 620?
366
Calculate the remainder when 680942 is divided by 20027.
24
Calculate the remainder when 16976 is divided by 7255.
2466
Calculate the remainder when 1966319 is divided by 33902.
3
What is the remainder when 319539 is divided by 1106?
1011
Calculate the remainder when 948571 is divided by 1670.
11
Calculate the remainder when 212819117 is divided by 53204777.
9
What is the remainder when 403954 is divided by 143?
122
Calculate the remainder when 5200954 is divided by 1300229.
38
Calculate the remainder when 9792399 is divided by 1191.
1188
Calculate the remainder when 45034794 is divided by 2047036.
2
What is the remainder when 27614237 is divided by 147?
140
What is the remainder when 19148 is divided by 507?
389
Calculate the remainder when 43820026 is divided by 67728.
10
What is the remainder when 8942 is divided by 2733?
743
What is the remainder when 25433157 is divided by 16?
5
Calculate the remainder when 104359219 is divided by 986.
979
Calculate the remainder when 989860 is divided by 1782.
850
What is the remainder when 22425 is divided by 22388?
37
What is the remainder when 53464 is divided by 175?
89
Calculate the remainder when 94518118 is divided by 16285.
16263
Calculate the remainder when 321402 is divided by 15.
12
Calculate the remainder when 573686 is divided by 615.
506
What is the remainder when 84664 is divided by 42311?
42
Calculate the remainder when 138278 is divided by 650.
478
Calculate the remainder when 302594 is divided by 13731.
512
Calculate the remainder when 19059 is divided by 4673.
367
Calculate the remainder when 476974133 is divided by 98.
97
Calculate the remainder when 1284239 is divided by 18612.
11
Calculate the remainder when 19960 is divided by 75.
10
Calculate the remainder when 6214131 is divided by 690.
681
What is the remainder when 5534964 is divided by 2767470?
24
Calculate the remainder when 8065525 is divided by 12165.
130
Calculate the remainder when 398453 is divided by 2386.
2377
Calculate the remainder when 9854014 is divided by 9567.
4
Calculate the remainder when 176037104 is divided by 8364.
8360
Calculate the remainder when 498310 is divided by 30.
10
What is the remainder when 326797 is divided by 10879?
427
Calculate the remainder when 514460 is divided by 240.
140
Calculate the remainder when 553468 is divided by 887.
867
Calculate the remainder when 195325 is divided by 19384.
1485
Calculate the remainder when 5026619 is divided by 95.
74
What is the remainder when 5517 is divided by 1575?
792
Calculate the remainder when 97249 is divided by 17751.
8494
What is the remainder when 159923 is divided by 326?
183
What is the remainder when 3937572 is divided by 187503?
9
What is the remainder when 1065909 is divided by 107?
82
Calculate the remainder when 44585981 is divided by 8917194.
11
What is the remainder when 1042703 is divided by 464?
95
What is the remainder when 6909859 is divided by 1727442?
91
What is the remainder when 490994 is divided by 162?
134
What is the remainder when 2151041 is divided by 3787?
25
What is the remainder when 4614219 is divided by 4555?
4
Calculate the remainder when 9069773 is divided by 6079.
5984
What is the remainder when 1311502 is divided by 1289?
589
What is the remainder when 30822104 is divided by 15411032?
40
Calculate the remainder when 32484605 is divided by 3609.
3605
What is the remainder when 6910232 is divided by 692?
612
Calculate the remainder when 27643884 is divided by 64.
44
What is the remainder when 284841 is divided by 13562?
39
What is the remainder when 2333822 is divided by 777926?
44
Calculate the remainder when 33031467 is divided by 11010483.
18
What is the remainder when 3792239 is divided by 43?
26
Calculate the remainder when 65464323 is divided by 424.
419
Calculate the remainder when 8162602 is divided by 3030.
2812
What is the remainder when 351900 is divided by 10349?
34
Calculate the remainder when 1491975 is divided by 705.
195
What is the remainder when 10178 is divided by 36?
26
What is the remainder when 9182955 is divided by 23?
21
Calculate the remainder when 268656 is divided by 1200.
1056
Calculate the remainder when 1480179 is divided by 185003.
155
What is the remainder when 1880189 is divided by 3302?
1351
Calculate the remainder when 1483734 is divided by 164849.
93
Calculate the remainder when 60414665 is divided by 1059906.
23
What is the remainder when 9624 is divided by 1752?
864
Calculate the remainder when 184744 is divided by 92370.
4
What is the remainder when 311467 is divided by 98?
23
Calculate the remainder when 147836 is divided by 5467.
227
What is the remainder when 127741 is divided by 939?
37
What is the remainder when 154447 is divided by 10?
7
Calculate the remainder when 299143 is divided by 332.
11
Calculate the remainder when 395405 is divided by 131716.
257
What is the remainder when 36269092 is divided by 630?
622
What is the remainder when 2236245 is divided by 103?
12
What is the remainder when 125263 is divided by 4553?
2332
Calculate the remainder when 2536383 is divided by 2763.
2712
Calculate the remainder when 1122240 is divided by 374031.
147
What is the remainder when 3591410 is divided by 349?
200
What is the remainder when 69635 is divided by 68122?
1513
What is the remainder when 318808 is divided by 9095?
483
What is the remainder when 2620544 is divided by 187181?
10
What is the remainder when 4203813745 is divided by 1867?
1865
Calculate the remainder when 629150 is divided by 625038.
4112
What is the remainder when 1385082 is divided by 2716?
2638
Calculate the remainder when 5829 is divided by 2057.
1715
Calculate the remainder when 25927771 is divided by 126.
121
Calculate the remainder when 159837 is divided by 2102.
85
What is the remainder when 938359 is divided by 877?
846
Calculate the remainder when 38904974 is divided by 3034.
3026
What is the remainder when 29665006 is divided by 210390?
16
What is the remainder when 153581685 is divided by 3484?
3481
Calculate the remainder when 69008059 is divided by 220.
219
Calculate the remainder when 656797 is divided by 183.
10
Calculate the remainder when 78367 is divided by 19539.
211
Calculate the remainder when 4141879 is divided by 1840.
39
Calculate the remainder when 16937744 is divided by 14.
12
Calculate the remainder when 693176 is divided by 4306.
4216
What is the remainder when 7380581 is divided by 70291?
26
Calculate the remainder when 652764 is divided by 4689.
993
Wha